te the remainder when 696 is divided by 317.
62
What is the remainder when 12691 is divided by 2715?
1831
What is the remainder when 9883 is divided by 33?
16
Calculate the remainder when 2815810 is divided by 1001.
998
What is the remainder when 56 is divided by 43?
13
Calculate the remainder when 10465 is divided by 346.
85
Calculate the remainder when 1250915 is divided by 52.
3
What is the remainder when 7868 is divided by 197?
185
Calculate the remainder when 35584 is divided by 1546.
26
What is the remainder when 15104 is divided by 433?
382
Calculate the remainder when 55283 is divided by 27609.
65
What is the remainder when 2726 is divided by 222?
62
What is the remainder when 8478 is divided by 4190?
98
Calculate the remainder when 45521 is divided by 702.
593
What is the remainder when 9844 is divided by 159?
145
Calculate the remainder when 11341 is divided by 3775.
16
Calculate the remainder when 47231 is divided by 123.
122
What is the remainder when 1258 is divided by 192?
106
Calculate the remainder when 1376461 is divided by 13.
8
Calculate the remainder when 85897 is divided by 774.
757
Calculate the remainder when 2994 is divided by 1234.
526
Calculate the remainder when 1156 is divided by 336.
148
What is the remainder when 11175 is divided by 167?
153
Calculate the remainder when 140470 is divided by 17.
16
Calculate the remainder when 3859 is divided by 459.
187
Calculate the remainder when 32322 is divided by 539.
521
What is the remainder when 12196 is divided by 39?
28
What is the remainder when 41788 is divided by 21?
19
Calculate the remainder when 10791 is divided by 1123.
684
Calculate the remainder when 4042 is divided by 1009.
6
What is the remainder when 69253 is divided by 19?
17
Calculate the remainder when 316794 is divided by 1650.
1644
What is the remainder when 2712 is divided by 868?
108
Calculate the remainder when 9803 is divided by 200.
3
What is the remainder when 1827 is divided by 138?
33
What is the remainder when 314098 is divided by 180?
178
Calculate the remainder when 30580 is divided by 30523.
57
What is the remainder when 2171896 is divided by 1721?
1715
What is the remainder when 1961 is divided by 858?
245
What is the remainder when 7020 is divided by 197?
125
Calculate the remainder when 6824 is divided by 398.
58
Calculate the remainder when 20487 is divided by 59.
14
Calculate the remainder when 29543 is divided by 67.
63
Calculate the remainder when 17181 is divided by 338.
281
What is the remainder when 4095 is divided by 213?
48
What is the remainder when 3087 is divided by 47?
32
What is the remainder when 13180 is divided by 3276?
76
What is the remainder when 1465 is divided by 836?
629
Calculate the remainder when 18084 is divided by 38.
34
What is the remainder when 283856 is divided by 148?
140
What is the remainder when 30294 is divided by 1874?
310
What is the remainder when 1996 is divided by 915?
166
Calculate the remainder when 822500 is divided by 369.
368
Calculate the remainder when 236761 is divided by 177.
112
Calculate the remainder when 9053 is divided by 4514.
25
Calculate the remainder when 883707 is divided by 28.
27
What is the remainder when 5643 is divided by 64?
11
Calculate the remainder when 426695 is divided by 340.
335
What is the remainder when 16032 is divided by 382?
370
What is the remainder when 51323 is divided by 262?
233
What is the remainder when 3126 is divided by 1531?
64
What is the remainder when 424958 is divided by 80?
78
Calculate the remainder when 11856 is divided by 79.
6
What is the remainder when 937 is divided by 147?
55
Calculate the remainder when 33658 is divided by 55.
53
What is the remainder when 3425 is divided by 14?
9
What is the remainder when 111053 is divided by 113?
87
What is the remainder when 80027 is divided by 43?
4
What is the remainder when 9093 is divided by 413?
7
What is the remainder when 41353 is divided by 4565?
268
What is the remainder when 1642 is divided by 702?
238
What is the remainder when 8035 is divided by 3?
1
Calculate the remainder when 370671 is divided by 154.
147
What is the remainder when 4546 is divided by 45?
1
Calculate the remainder when 640 is divided by 64.
0
Calculate the remainder when 107 is divided by 71.
36
Calculate the remainder when 1031 is divided by 424.
183
Calculate the remainder when 376951 is divided by 36.
31
What is the remainder when 1122872 is divided by 140358?
8
What is the remainder when 1760 is divided by 36?
32
What is the remainder when 152177 is divided by 102?
95
What is the remainder when 4496 is divided by 4405?
91
What is the remainder when 1817 is divided by 551?
164
Calculate the remainder when 10603 is divided by 1059.
13
What is the remainder when 1875 is divided by 1871?
4
Calculate the remainder when 28821 is divided by 406.
401
Calculate the remainder when 4656 is divided by 196.
148
Calculate the remainder when 19987 is divided by 204.
199
What is the remainder when 16106 is divided by 1169?
909
Calculate the remainder when 6404 is divided by 2039.
287
Calculate the remainder when 2973 is divided by 838.
459
Calculate the remainder when 28562 is divided by 9164.
1070
What is the remainder when 7916 is divided by 1201?
710
Calculate the remainder when 1381 is divided by 268.
41
Calculate the remainder when 248569 is divided by 124281.
7
Calculate the remainder when 7954 is divided by 204.
202
Calculate the remainder when 1401 is divided by 27.
24
What is the remainder when 6604 is divided by 549?
16
What is the remainder when 923 is divided by 555?
368
What is the remainder when 340099 is divided by 25?
24
Calculate the remainder when 9189 is divided by 437.
12
What is the remainder when 9388 is divided by 39?
28
Calculate the remainder when 207992 is divided by 51995.
12
What is the remainder when 2357 is divided by 123?
20
Calculate the remainder when 4313 is divided by 67.
25
What is the remainder when 6125 is divided by 264?
53
Calculate the remainder when 1600 is divided by 399.
4
Calculate the remainder when 69442 is divided by 36.
34
Calculate the remainder when 578745 is divided by 1003.
14
Calculate the remainder when 641 is divided by 3.
2
What is the remainder when 17398 is divided by 58?
56
Calculate the remainder when 20792 is divided by 10390.
12
What is the remainder when 780 is divided by 380?
20
What is the remainder when 27968 is divided by 29?
12
Calculate the remainder when 2387 is divided by 62.
31
What is the remainder when 48104 is divided by 71?
37
Calculate the remainder when 42767 is divided by 45.
17
Calculate the remainder when 1292 is divided by 428.
8
What is the remainder when 202005 is divided by 63?
27
What is the remainder when 15944 is divided by 72?
32
Calculate the remainder when 54076 is divided by 27027.
22
Calculate the remainder when 783 is divided by 432.
351
What is the remainder when 12957 is divided by 6453?
51
Calculate the remainder when 94 is divided by 38.
18
Calculate the remainder when 785 is divided by 161.
141
What is the remainder when 53690 is divided by 30?
20
What is the remainder when 21927 is divided by 2735?
47
What is the remainder when 7331 is divided by 221?
38
What is the remainder when 78133 is divided by 1056?
1045
What is the remainder when 105079 is divided by 355?
354
What is the remainder when 529175 is divided by 529167?
8
What is the remainder when 237039 is divided by 559?
23
Calculate the remainder when 139506 is divided by 9959.
80
Calculate the remainder when 173162 is divided by 2.
0
What is the remainder when 60310 is divided by 60305?
5
Calculate the remainder when 7574 is divided by 669.
215
Calculate the remainder when 14999 is divided by 937.
7
Calculate the remainder when 2340 is divided by 462.
30
What is the remainder when 519 is divided by 142?
93
Calculate the remainder when 348586 is divided by 92.
90
Calculate the remainder when 94 is divided by 19.
18
What is the remainder when 42941 is divided by 15?
11
What is the remainder when 1276 is divided by 780?
496
Calculate the remainder when 2246 is divided by 592.
470
Calculate the remainder when 21104 is divided by 6.
2
Calculate the remainder when 78119 is divided by 3391.
126
What is the remainder when 1302 is 